ns digit of 1418048575?
4
What is the billions digit of 3208315039?
3
What is the units digit of 949406568?
8
What is the units digit of 12186520?
0
What is the tens digit of 2627846281?
8
What is the ten thousands digit of 1018678040?
7
What is the units digit of 155131050?
0
What is the ten millions digit of 2479029017?
7
What is the millions digit of 1982602247?
2
What is the ten thousands digit of 302812667?
1
What is the ten millions digit of 1528653886?
2
What is the tens digit of 356532756?
5
What is the hundreds digit of 5554970980?
9
What is the ten thousands digit of 744910447?
1
What is the units digit of 146438772?
2
What is the ten thousands digit of 545669352?
6
What is the ten thousands digit of 69742165?
4
What is the hundred thousands digit of 24176723?
1
What is the hundred thousands digit of 55007255?
0
What is the millions digit of 20089836?
0
What is the hundreds digit of 152331823?
8
What is the tens digit of 823547496?
9
What is the millions digit of 841656781?
1
What is the units digit of 38694471?
1
What is the units digit of 27633089?
9
What is the hundred thousands digit of 63743451?
7
What is the hundreds digit of 5622415?
4
What is the ten millions digit of 66172212?
6
What is the hundred millions digit of 360601998?
3
What is the hundred thousands digit of 64049221?
0
What is the hundred thousands digit of 1402879299?
8
What is the hundreds digit of 757554361?
3
What is the thousands digit of 114441554?
1
What is the ten thousands digit of 251680212?
8
What is the hundred thousands digit of 536040414?
0
What is the billions digit of 3587567440?
3
What is the hundred thousands digit of 120360114?
3
What is the hundred millions digit of 2280246402?
2
What is the thousands digit of 93329683?
9
What is the hundred thousands digit of 996093294?
0
What is the thousands digit of 97785149?
5
What is the tens digit of 951420299?
9
What is the millions digit of 302882294?
2
What is the hundred millions digit of 595885979?
5
What is the hundred millions digit of 774316653?
7
What is the ten thousands digit of 5506168?
0
What is the units digit of 131559756?
6
What is the hundred thousands digit of 738246364?
2
What is the units digit of 81314217?
7
What is the hundred thousands digit of 1178369285?
3
What is the ten millions digit of 57988428?
5
What is the ten thousands digit of 100307259?
0
What is the ten millions digit of 1104585119?
0
What is the units digit of 357499173?
3
What is the ten millions digit of 662442375?
6
What is the tens digit of 448030031?
3
What is the tens digit of 215038299?
9
What is the millions digit of 2700456?
2
What is the thousands digit of 6135771317?
1
What is the units digit of 106786858?
8
What is the hundreds digit of 171228351?
3
What is the tens digit of 111164641?
4
What is the millions digit of 1692875551?
2
What is the millions digit of 21002590?
1
What is the ten millions digit of 105165181?
0
What is the hundreds digit of 913403398?
3
What is the units digit of 62966739?
9
What is the tens digit of 647292729?
2
What is the hundred millions digit of 116686712?
1
What is the hundred thousands digit of 3871625028?
6
What is the millions digit of 66950190?
6
What is the ten millions digit of 3016876470?
1
What is the hundred millions digit of 425397539?
4
What is the tens digit of 311732208?
0
What is the billions digit of 2574840282?
2
What is the tens digit of 43446272?
7
What is the ten millions digit of 2095980705?
9
What is the hundred millions digit of 3303512972?
3
What is the hundred thousands digit of 233290641?
2
What is the billions digit of 3239390436?
3
What is the millions digit of 432910670?
2
What is the tens digit of 757183794?
9
What is the hundreds digit of 2476208753?
7
What is the hundred millions digit of 287338780?
2
What is the millions digit of 2077502891?
7
What is the ten thousands digit of 155938049?
3
What is the hundreds digit of 47843591?
5
What is the hundred millions digit of 2811282464?
8
What is the hundred thousands digit of 113010144?
0
What is the millions digit of 439619102?
9
What is the ten thousands digit of 394851547?
5
What is the billions digit of 2009574776?
2
What is the millions digit of 285780165?
5
What is the hundred thousands digit of 686418804?
4
What is the hundred thousands digit of 84258848?
2
What is the units digit of 3087867912?
2
What is the hundred thousands digit of 29967487?
9
What is the hundreds digit of 2346354622?
6
What is the hundred millions digit of 3155229801?
1
What is the hundreds digit of 358851843?
8
What is the units digit of 109254981?
1
What is the ten millions digit of 153591890?
5
What is the millions digit of 564117356?
4
What is the millions digit of 155985780?
5
What is the thousands digit of 24205497?
5
What is the thousands digit of 25799112?
9
What is the billions digit of 3185911922?
3
What is the hundred millions digit of 476862250?
4
What is the hundreds digit of 1316773495?
4
What is the hundreds digit of 325437633?
6
What is the ten millions digit of 27642719?
2
What is the units digit of 85512709?
9
What is the tens digit of 1195221018?
1
What is the ten thousands digit of 696382178?
8
What is the millions digit of 1252086143?
2
What is the hundreds digit of 21366891?
8
What is the ten thousands digit of 60864575?
6
What is the units digit of 1393236888?
8
What is the millions digit of 163706419?
3
What is the thousands digit of 73950105?
0
What is the tens digit of 20911340?
4
What is the hundred millions digit of 158210008?
1
What is the ten millions digit of 120016155?
2
What is the ten thousands digit of 35828352?
2
What is the hundreds digit of 19790242?
2
What is the thousands digit of 944723111?
3
What is the thousands digit of 1217792684?
2
What is the hundred thousands digit of 1153391293?
3
What is the ten millions digit of 258328294?
5
What is the ten thousands digit of 340918261?
1
What is the tens digit of 4385404?
0
What is the hundreds digit of 175527902?
9
What is the units digit of 88713074?
4
What is the billions digit of 1020634225?
1
What is the thousands digit of 152125395?
5
What is the ten thousands digit of 7673326?
7
What is the units digit of 284120932?
2
What is the hundred thousands digit of 13338624?
3
What is the tens digit of 3070340315?
1
What is the units digit of 1042133474?
4
What is the tens digit of 61112161?
6
What is the tens digit of 904052458?
5
What is the ten millions digit of 25428843?
2
What is the hundred millions digit of 5006427824?
0
What is the ten millions digit of 2390408370?
9
What is the tens digit of 28003488?
8
What is the tens digit of 56937670?
7
What is the hundreds digit of 89140562?
5
What is the billions digit of 1463554351?
1
What is the hundred thousands digit of 125554842?
5
What is the hundred millions digit of 262757826?
2
What is the units digit of 230972890?
0
What is the hundred millions digit of 173298552?
1
What is the hundreds digit of 702007196?
1
What is the ten millions digit of 468337233?
6
What is the ten millions digit of 6921069095?
2
What is the units digit of 108375680?
0
What is the hundreds digit of 19714656?
6
What is the tens digit of 10552775?
7
What is the units digit of 1219683915?
5
What is the millions digit of 1116240123?
6
What is the tens digit of 251651276?
7
What is the ten millions digit of 88101290?
8
What is the hundred thousands digit of 25972705?
9
What is the millions digit of 15667695?
5
What is the ten millions digit of 29221940?
2
What is the hundreds digit of 49847616?
6
What is the hundred millions digit of 3619454519?
6
What is the billions digit of 1763534364?
1
What is the units digit of 567629356?
6
What is the ten thousands digit of 1051657789?
5
What is the hundreds digit of 32306046?
0
What is the thousands digit of 367419706?
9
What is the tens digit of 251022541?
4
What is the millions digit of 592104028?
2
What is the hundred thousands digit of 1019031335?
0
What is the thousands digit of 379360678?
0
What is the ten thousands digit of 31607578?
0
What is the hundred thousands digit of 109522878?
5
What is the thousands digit of 10987083?
7
What is the units digit of 52772715?
5
What is the hundred thousands digit of 3675580375?
5
What is the ten thousands digit of 183248787